 0 = 3*g - 5*a + 84. Let j = g + 61. What are the prime factors of j?
3, 11
Let w = 68 + -36. Let z be w/(2 - (-1 + 2)). Suppose -2*q + z = -38. What are the prime factors of q?
5, 7
Let w(i) = -6*i + 34. Let v be w(-16). Let h(b) = -12*b + 4. Let l be h(-3). Suppose -l + v = 5*g. List the prime factors of g.
2, 3
Suppose -5*x + 4*l - 2 + 4 = 0, l = 2. Suppose 3*o = -0*o - u + 17, 0 = -2*o + x*u + 6. Let d = 26 - o. What are the prime factors of d?
3, 7
Let c = 12 + -10. Let h be (1 + c)*(-24)/9. What are the prime factors of 5/4*(-4 - h)?
5
Let u(n) = -n**3 - 5*n**2 + 25*n + 18. Let p be u(-11). Suppose 223 + p = 4*q. List the prime factors of q.
173
Suppose 0 = -3*m + 5*p + 5229 + 7154, p = -4*m + 16526. Suppose -19*q + m = -2*q. List the prime factors of q.
3
Let u = -2003 + 3624. What are the prime factors of u?
1621
Suppose 0 = -3*s + 2*z + 647, -1023 = -5*s + z + 67. List the prime factors of s.
3, 73
Let p(b) be the third derivative of b**4/6 - 7*b**3/6 - 6*b**2. Let a be p(3). What are the prime factors of a/10 + (-39)/(-6)?
7
Suppose 0*m + 5 = m. Suppose -4*q - 65 = -m*f, -4*q - 76 = q - f. Let k = 39 + q. List the prime factors of k.
2, 3
Let p = -342 - -516. Suppose -30 = 3*i - p. What are the prime factors of i?
2, 3
Let j be (-7)/(-2)*(-60)/35. Let y(v) = 3*v**2 + 7*v + 27. List the prime factors of y(j).
3, 31
Suppose -9*j - 10*j + 9880 = 0. What are the prime factors of j?
2, 5, 13
Let w(d) be the first derivative of -d**2/2 + 10*d + 3. Let p be w(7). Suppose -l + p = -17. What are the prime factors of l?
2, 5
Let m(p) = -55*p - 27. What are the prime factors of m(-9)?
2, 3, 13
Let x be 8/3*2*(-138)/(-8). Suppose x = 3*o - o - 2*h, 229 = 4*o + 5*h. List the prime factors of o.
3, 17
Let i(c) = 124*c**2 - 4*c - 4. Let x be i(-1). Let j = 9 + x. What are the prime factors of j?
7, 19
Suppose 0 = -56*i + 46204 - 10980. What are the prime factors of i?
17, 37
Let d be (-4)/1 + -3 + 3. Let t = 0 - d. Let w(s) = 3*s**2 + 2*s + 1. List the prime factors of w(t).
3, 19
Let s(o) = -15*o**3 + o**2 + 24*o + 74. List the prime factors of s(-5).
2, 3, 103
Suppose -o - 2*h = o - 108, -4*o + 210 = 2*h. Let k = o + -29. List the prime factors of k.
2, 11
Let s(t) = -3*t**3 + 10*t**2 + 5*t - 1. Let r be s(5). List the prime factors of r/((-2 - -3)*-1).
101
Suppose -4*u - 1318 + 5506 = 0. What are the prime factors of u?
3, 349
Let n(r) be the first derivative of -21*r - 7 - 7/2*r**2. What are the prime factors of n(-10)?
7
Suppose 0 = -5*o + 3*y + 548 + 285, -4*o = -4*y - 668. Let n be (-7120)/64 - (-1)/4. Let a = n + o. List the prime factors of a.
5, 11
Let f(o) = -o**2 + 16*o - 6. Let n be f(12). Let y = 25 + -21. Suppose -106 + n = -y*d. List the prime factors of d.
2
Suppose 3*u - 3 = 12. Suppose -u*q + 103 = -152. What are the prime factors of q?
3, 17
Let q = -3951 + 5764. What are the prime factors of q?
7, 37
Suppose -a = 3*d - 677, d = 7*a - 10*a + 239. List the prime factors of d.
2, 7
Let j = -7 + 12. What are the prime factors of (j - 3)*124/8?
31
Suppose 3064 = 2*j + 4*b, 6*j + 4600 = 9*j + 2*b. What are the prime factors of j?
2, 13, 59
Suppose -41*y + 3316 = -2957. List the prime factors of y.
3, 17
Let o = 55 - 55. Suppose 0 = 3*a + 2*j + 2*j - 242, -j - 4 = o. What are the prime factors of a?
2, 43
Suppose 22*d - 42426 = 4*d. List the prime factors of d.
2357
Let u = 3 + 0. Let o(b) = 5 + 2*b**2 + 11*b - u*b**2 + 0. What are the prime factors of o(6)?
5, 7
Suppose -3*v + 14795 = 5*y, -7*v + 10*v + y - 14803 = 0. List the prime factors of v.
3, 5, 7, 47
Suppose -j + 18 = -0*j. Let o = -15 + j. Suppose -26 = -3*w - l + 35, -o*w - 4*l = -46. List the prime factors of w.
2, 11
Let z be (-100)/(-8)*432/6. Suppose -z = -34*t + 31*t. List the prime factors of t.
2, 3, 5
Let i(v) = 181*v - 39. List the prime factors of i(5).
2, 433
Let t be 15/35 - (-32)/7. Suppose 0 = t*k - 3*m - 2*m + 55, 2*m = -4*k - 14. Let u(j) = j**3 + 5*j**2 - 7*j - 4. What are the prime factors of u(k)?
2
Suppose -3*i = 4*j + 1270, 3*i = 5*j - 315 - 973. Let q = i + 681. List the prime factors of q.
3, 5, 17
Let l = 28 - 26. Suppose 2*u - 2*n = -u + l, 3*n + 3 = 5*u. Suppose 4*j + 26 - 162 = u. What are the prime factors of j?
2, 17
Let b(c) = c**2 - 10*c + 11. Let w(f) be the second derivative of -f**3 - 7*f**2/2 + 3*f. Let y be w(-3). List the prime factors of b(y).
2, 11
Suppose 165 = 3*g + 2*g. Let r be (14/(-42))/((-1)/g). Suppose u = -0*u + r. What are the prime factors of u?
11
Let u(g) = -g**3 + 11*g**2 + 3*g + 12. Let b be u(11). Suppose -45 = 5*p + b. What are the prime factors of p/4*(-30)/9?
3, 5
Suppose 3*x - 7464 = 1314. List the prime factors of x.
2, 7, 11, 19
Let d(k) = -k**3 + 12*k**2 + 5*k + 16. Suppose u + 4 = 15. Let g be d(u). Suppose -p - g = -s - 3*s, -125 = -3*s - 4*p. List the prime factors of s.
47
Let k(b) be the first derivative of -b**4/4 - 4*b**3 - 5*b**2/2 + 15*b - 40. What are the prime factors of k(-12)?
3, 5
Suppose -x + o - 52 = 0, 0*o + 274 = -5*x - 2*o. Let j = x + 61. What are the prime factors of j?
7
Let s(r) = 78*r - 7. Let f be (1 - 5) + (-80)/(-16). What are the prime factors of s(f)?
71
Let n = 8 - 13. Let q(x) = -x**2 - 4*x + 10. Let h be q(n). Suppose -2*f - o = f - h, -2*f + 8 = -4*o. What are the prime factors of f?
2
Let f = -12 - -12. Suppose f = b - 0*b - 4. Let p = b + 10. List the prime factors of p.
2, 7
Let h be ((-8)/3)/(18/(-27)). Suppose h*k = 5*n - 948, n = -3*n - k + 771. What are the prime factors of n?
2, 3
Suppose 15*l - 18540 = -0*l. List the prime factors of l.
2, 3, 103
Suppose 26 = -4*v + 18. List the prime factors of v*(-316)/8 - 3.
2, 19
Let x(k) = -24*k**2 + 12*k. Let d(g) = 6*g**2 - 3*g. Let u(t) = 9*d(t) + 2*x(t). Let w be 100/55 - 6/(-33). What are the prime factors of u(w)?
2, 3
Suppose 2*l - 244 - 38 = 0. List the prime factors of l.
3, 47
Let z = 1106 - 95. What are the prime factors of z?
3, 337
Let j(d) be the first derivative of -d**3/3 - 3*d**2 + 5*d - 4. Let h be j(-6). Suppose -5*m - l + 118 = -2*l, -h*m = 4*l - 103. List the prime factors of m.
23
Let n = -123 + 88. Suppose 3*c + 78 = -96. Let p = n - c. What are the prime factors of p?
23
Let g(o) be the first derivative of 20*o**3/3 - 7*o**2/2 + 7*o + 22. What are the prime factors of g(3)?
2, 83
Suppose 35*l - 30*l + 795 = 0. Let o = l + 281. What are the prime factors of o?
2, 61
Let w(x) = 6*x**3 - 73*x**2 + 2*x - 36. What are the prime factors of w(14)?
2, 3, 179
Let b(j) = 272*j - 325. List the prime factors of b(11).
3, 7, 127
Let u = 1927 + -1063. What are the prime factors of u?
2, 3
Let n(x) = -x**3 - 12*x**2 + 14*x + 16. Let v be n(-13). Suppose -v*t + 0*p = p - 174, 3*t - 2*p = 165. Let u = t + -17. List the prime factors of u.
2, 5
Let b = 12 - -30. Suppose -5*q = -v - 4 + b, 167 = 5*v - 2*q. List the prime factors of v.
3, 11
Suppose -4*s - w + 14 = -0*w, 0 = w - 2. Suppose 3*d + 96 = 3*t, 3*t + s*d = -2*t + 128. What are the prime factors of t?
2, 7
Suppose 0 = -n - y + 8, -3*y + 5 + 7 = 0. Suppose -n*v + 24 = -4*s, -4*v - 4*s - 9 = -1. Suppose -v*d + 230 = 3*d. List the prime factors of d.
2, 23
Let r = -510 - -1674. List the prime factors of r.
2, 3, 97
Suppose 2*v + 80 = 6*v. Let s = v + -15. Suppose u = -a + 17 + 10, 4*u = s*a - 90. List the prime factors of a.
2, 11
Suppose 2*l = 5*c - 41, 3*c + 4*l = -l + 37. Suppose -42 = -3*d + 2*y, -2*d + 0*d + 28 = -4*y. Let r = c + d. What are the prime factors of r?
23
Let g(a) = -a**3 - 5*a**2 - 5*a + 13. List the prime factors of g(-6).
79
Suppose -4*z - 8 = -8*z. What are the prime factors of z/(16/212)*2/1?
53
Suppose 2*v + 3*r = -2*v + 1526, 1894 = 5*v - 3*r. List the prime factors of v.
2, 5, 19
Suppose -11 = -d + 9. List the prime factors of d.
2, 5
Let s = 575 + -221. What are the prime factors of s?
2, 3, 59
Let u be (-44)/(-33) + 1/(-3). Suppose -3 = 4*s + u. List the prime factors of s/((-1)/24) + 2.
2, 13
Let i = -1039 - -2087. What are the prime factors of i?
2, 131
Let w be ((-1)/(-1))/((-20)/(-2960)). Suppose 566 = 4*p - 2*z - w, -p + 3*z + 186 = 0. What are the prime factors of p?
3, 59
Let j = -305 + 647. Let t = j + -176. List the prime factors of t.
2, 83
Suppose d + 7 - 15 = -2*q, 16 = 2*q + 3*d. Let r(u) = 3*u**2 + u + 3. List the prime facto